 (4 - (-3 - -5 - 2)).
0
Evaluate 8 + 1 - (32 - 25).
2
What is -8 + 2 + (17 - -1) + -11?
1
Calculate -49 + 60 - (2 - -2).
7
Evaluate 2 + (0 + -3 - -4).
3
Calculate 4 + (2 + -7 - 2).
-3
What is the value of 157 - 163 - (-5 - 0)?
-1
What is 4 + (-9 - (-16 + 8 + 8))?
-5
What is the value of 2 - (0 - 1 - (0 - 2))?
1
Calculate -7 + -7 + 1 + (15 - 3).
-1
Evaluate 42 - 41 - ((2 - 5) + 2).
2
What is -4 + (-3 - (-15 - (-5 - -1)))?
4
What is (1 - 0) + (-9 - (-7 + 3))?
-4
What is 11 + -11 + (-1 - 5)?
-6
What is -1 - 1 - (-71 - -63)?
6
3 - (-2 + -1 + (-27 - -28))
5
Calculate (4 - 1) + (-18 - -14).
-1
What is -11 - -8 - (0 + -8)?
5
-6 - -4 - 5 - -7
0
What is 0 + (-6 - -3) + 6 - 3?
0
What is the value of (6 - (6 + -5)) + (2 - 2)?
5
Evaluate (2 + 4 - 2) + (-6 - -6).
4
13 - (20 + -7 + 1 - 7)
6
Evaluate (0 - 2) + 7 - 7.
-2
0 - (1 + 0 + -4)
3
Evaluate 2 - (0 - 8 - -14).
-4
-2 + 6 + -6 - 2
-4
Calculate -3 + 7 + -8 + 0 + 1.
-3
What is the value of -2 + (-6 - -4 - -7)?
3
What is (15 - 14) + (-11 - -3)?
-7
What is the value of 7 + (3 - (7 + -1))?
4
3 + 1 + 3 - 3
4
0 + 4 + 7 - (2 + 3)
6
Calculate 5 - (1 - (7 + -4 - 5)).
2
What is the value of 0 + (9 + 0 - 5 - -1)?
5
What is the value of -4 + 0 - -2 - (-16 + 10)?
4
Evaluate 6 - (6 + 6) - -8.
2
What is 2 + -2 + 1 - (4 - 3)?
0
What is the value of 2 - (2 + 0) - (-7 + 7)?
0
Evaluate -32 + 25 - (-3 + (-2 - -1)).
-3
Calculate (1 - -2 - 3) + -5 + 3.
-2
Evaluate 11 - (4 - (-6 + 4) - 1).
6
Evaluate -80 - -87 - (12 + 0).
-5
Evaluate -3 + 3 + (7 - 3).
4
160 - 166 - (1 - 0 - 6)
-1
What is the value of -4 + -3 - -1 - -3?
-3
Evaluate 2 - (4 - (-7 + 8)).
-1
Evaluate 8 + (-6 - (7 + -2)).
-3
Evaluate -1 + -1 - (8 + -10).
0
What is 4 + 2 + -6 + (-3 - 0)?
-3
Evaluate 3 + 2 + -9 - -2.
-2
Calculate -1 - (2 + 2) - -1.
-4
What is 14 - (-10 + 18) - -2?
8
Evaluate -4 + ((4 - 4) + 5 - 1).
0
What is 0 + 3 + 2 - (-2 - -5)?
2
Evaluate -2 + 5 - (3 - 0).
0
What is the value of -1 + (-7 - -4) + 5?
1
Calculate -2 + (-4 - (-1 - 4)) + -1.
-2
Evaluate (3 - (30 + -19)) + 1 + 6.
-1
Evaluate 5 - ((3 - -1) + -3).
4
Evaluate -9 - 1 - (0 + -13).
3
What is the value of -1 + 8 + 1 + -12?
-4
4 + (13 - 14) + (1 - 3)
1
Evaluate -20 + 30 + -2 + -2.
6
What is the value of -8 + 10 + -1 + -4 - 2?
-5
Calculate 2 - 2 - (13 - 7).
-6
Calculate -9 + 7 + -3 + 5.
0
What is ((4 - 4) + 3 - 2) + -2?
-1
Evaluate (35 - 40) + -1 + 5 + -2.
-3
What is the value of -9 - -2 - (-33 + 30)?
-4
Calculate -4 - 5 - -10 - -4.
5
Calculate -2 + 4 + -1 - (-4 - -2).
3
What is 74 - 69 - (9 + -1)?
-3
5 - -6 - 10 - 7
-6
Calculate -5 + 19 + (-8 - -6) + -6.
6
What is 50 + -54 - (1 - 0)?
-5
What is 1 + 1 + (-159 - -151)?
-6
Evaluate (1 + 7 - -1) + -5.
4
What is -9 - ((-1 - 8) + -3)?
3
What is (4 - 5 - 2) + 6 + 2?
5
What is the value of 6 + -10 + -2 + 9?
3
Calculate -4 + (-7 - 0 - -3).
-8
Calculate (5 - 4) + 0 + 2.
3
Evaluate -2 - (-2 - -5 - (1 - -7)).
3
Calculate -3 + (-9 - (-17 + 12)).
-7
Evaluate 3 - (0 - -4 - (4 - 4)).
-1
What is 1 + (-4 + 2 - 0)?
-1
What is the value of 3 + 3 + 1 - 3 - 6?
-2
What is 0 + -2 + (-3 - (3 + -2))?
-6
What is (-3 - 1) + (-3 - -2 - -4)?
-1
Calculate (-3 + 0 - (3 - 0)) + 3.
-3
Evaluate 2 + 4 - ((-5 - 1) + 13).
-1
15 + -5 + -14 + (1 - 6)
-9
(4 + -1 - 4) + 6
5
-2 + 5 - (-5 - -10)
-2
(-59 - -58) + -1 + 1 + 2
1
Calculate -11 + 4 - (-6 - (3 - 8)).
-6
Evaluate 0 - (-8 + 9 - 2).
1
(-7 - -5) + (0 - (-6 - -2))
2
Evaluate -7 + 3 + 0 + -1 + -2.
-7
What is the value of 4 - (0 + (-3 - (-3 + -3)))?
1
Calculate (1 + -4 - -1) + -94 + 99.
3
Evaluate 61 + -63 - (0 - 10).
8
Calculate 4 + -8 + 12 + -9 + 5.
4
What is the value of 5 + -20 + (1 - -8)?
-6
Calculate (11 - 19 - (-3 - 0)) + 2.
-3
Calculate 2 + 2 + -4 + (1 - 5).
-4
What is the value of 3 - (8 + 5 + -3 + -2)?
-5
Calculate (-6 - -1) + (-9 - (13 - 30)).
3
What is the value of (4 - 4 - -2) + (2 - 1)?
3
Evaluate 2 + 8 + -4 + -1.
5
-8 + (24 - 7) + -13
-4
4 + (-3 - -1 - -5) + -3
4
What is the value of 2 + -4 + (0 - 4)?
-6
Evaluate -2 + (-5 - (-7 + 5) - -5).
0
Calculate 3 + (3 - 5) - 2.
-1
Calculate -5 + 2 + (-5 - -11).
3
Evaluate 2 - (5 + (7 - 2) + -17).
9
10 - (-4 - -9) - 10
-5
11 - 9 - 0 - (2 + 1)
-1
Calculate -5 + (6 - (9 + 1)).
-9
What is the value of 2 + (3 - -1) - 2?
4
Calculate 8 + 2 + -4 - 5.
1
Evaluate 8 + -7 + (-4 - 0).
-3
Evaluate -3 - (1 - (0 + 2) - 2).
0
Calculate -3 + 0 + -5 - -9.
1
What is (-3 - (2 - 2)) + 4?
1
What is -3 + 0 + (-38 - -39) - -2?
0
Calculate 4 + 10 + -2 + -7.
5
What is 0 - (-1 - (14 - (-5 - -10)))?
10
What is -2 + (0 - (-1 - -1)) - 3?
-5
What is the value of (-5 - 0 - -11) + 4 + -5?
5
Evaluate -6 - (-4 - -2) - -1 - 3.
-6
What is the value of (-4 - 2) + (2 - -10 - 4)?
2
Evaluate (-1 - -2) + (3 - 6) + 4.
2
4 + (-3 - -1) - (5 - 6)
3
-9 + 6 + 2 + (1 - 1)
-1
(-1 - -2) + -2 + -6 + 12
5
Evaluate -2 - ((-7 - -4) + 4).
-3
Evaluate (-4 - -1) + 12 + -10.
-1
What is the value of 1 - -7 - (88 + -86)?
6
What is the value of -4 - (-8 + 1 + 1)?
2
Evaluate -2 + 3 + (-9 - -11).
3
Calculate 0 - (0 + 6 + 3 + -6).
-3
What is 25 + -28 + 0 + 5?
2
Evaluate 0 - ((-3 - -1) + 1 + -4).
5
What is (-1 - (-6 - -2)) + -7 - -9?
5
What is the value of (2 - 6) + (0 - -3)?
-1
What is 11 + -2 + -40 + 24?
-7
Calculate -80 + 79 + (5 - -1).
5
Evaluate ((0 - 0) + 0 - -2) + 4.
6
What is 8 - (1 + (2 - -1 - -1))?
3
What is the value of -1 - (1 + (-3 - 0 - 2))?
3
Calculate -2 - 0 - (1 - (10 + -6)).
1
What is 7 - -14 - 26 - (-10 - -1)?
4
Calculate 5 + -5 + (4 - 0) + -5.
-1
(5 - 7 - -2) + (-1 - 2)
-3
What is the value of -2 - (-1 - (7 - 3))?
3
What is the value of 1 + (-7 - (-3 - 3))?
0
What is the value of -4 - -3 - -5 - 2 - -2?
4
What is 8 - -2 - (45 + -39)?
4
Calculate 6 - 6 - 1 - -4.
3
Evaluate -10 + 0 + 13 + -2.
1
Calculate -24 + 28 + (-6 - -1).
-1
Evaluate (-1 + 0 - 5) + 4.
-2
Evaluate 15 + 3 - (2 + 8).
8
6 + -1 + 2 - (-14 + 16)
5
4 - (8 + -4 - -3)
-3
What is (1 - -1) + -8 + 1?
-5
Evaluate -3 + (-1 - 4) + 3.
-5
Calculate -4 + (-1 - -1) - (-39 - -39).
-4
Evaluate 20 + -34 - (-4 - (5 + -4)).
-9
Evaluate 7 + (6 - (7 + 9)).
-3
4 - 0 - (-1 - -5)
0
1 + 4 + -8 + 6 + 6
9
-6 + 11 + -15 + 14
4
Calculate 3 - (-2 - -3) - 0.
2
What is the value of 0 - (-1 + 5) - 3?
-7
Calculate (11 - 5) + -9 + 8.
5
What is 75 + -67 - (3 + -2 - 0)?
7
What is -4 + 6 + -7 + 3?
-2
What is 0 + 0 + -3 + 3?
0
Evaluate -6 - ((-9 - (0 + -4)) + 4).
-5
(-3 + -3 - -3) + 4 - -3
4
4 + (3 - (-7 + 8))
6
3 + -6 + 0 + 1 + 3
1
What is -3 + 5 - (28 + -31)?
5
Evaluate -4 - (-2 + 7 + -4) - 2.
-7
What is 2 - 8 - (21 - 25)?
-2
-6 - (-2 + -1 + 3)
-6
Calculate 0 + (0 - 7) - -2.
-5
Calculate 8 - (1 - 0 - -3) - 2.
2
(0 - -1 - -4) + 3 + -3
5
(-8 - -3) + (11 - 9)
-3
Calculate (-4 - -13) + (4 - 2) + -3.
8
3 - (-4 + (-3 - 0) + 3)
7
-1 + 6 - (2 - 6 - -4)
5
Evaluate 19 - 20 - (2 + -3).
0
Evaluate (4 - -4) + -2 - 0.
6
Evaluate (3 - 0 - 2) + 0 - 3.
-2
What is (0 - (-4 + 0)) + -15 + 1?
-10
Calculate (1 - -1) + (-10 - -8).
0
What is -6 - (-4 + (5 - (0 + -2)))?
-9
What is the value of -14 + 5 + 4 + 0?
-5
What is the value of (-6 - (-1 - 3)) + 0 + 5?
3
(-5 + 9 - 6) + (1 - -5)
4
-8 + -4 + 2 + 2 + 3
-5
What is -5 - ((-1 - -1) + -1) - -7?
3
Calculate 6 + (6 - 5) + -3 + 1.
5
What is -4 + (0 - -9) - 1?
4
What is 2 + (4 + -17 - -3)?
-8
Calculate (-7 - -2 - -1) + 10.
6
Evaluate (12 - 17 - (1 - 2)) + -1.
-5
Calculate 8 - (-2 + -4 + 9).
5
Calculate 1 - (8 - 4) - -9.
6
Evaluate (-1 - ((5 - -1) + -5)) + 5.
3
1 + 2 + 10 + -11
2
Evaluate -4 - (2 + -8 + 3).
-1
What is (9 - (20 + -11)) + -1?
-1
What is the value of -7 + 7 - (-4 + 1 - -7)?
-4
Calculate 48 + -58 + (8 - 3).
-5
Evaluate 1 - (-14 + 15) - (1 - 5).
4
2 - 10 - (1 + -4)
-5
What is 1 + 1 - 3 - 1?
-2
Calculate -1 + 11 - (-7 + 11).
6
What is 0 + 13 + -11 + (3 - 0)?
5
Evaluate (9 + -3 - 0 - 0) + -1.
5
What is (41 + -31 - (1 + 1)) + 0?
8
What is the value of 2 - (4 - (-4 - (-3 + -1)))?
-2
Calculate -1 - (8 + -1 - 1 - 0).
-7
Evaluate 16 + -3 + -7 - 11.
-5
1 - ((2 - 2) + 2)
-1
What is 7 + (7 - (0 - -4) - 19)?
-9
What is 5 + ((-2 - 0) + 2 - 1)?
4
What is (15 - 6) + -13 + -3 + 10?
3
3 + 5 + -10 + -1
-3
-5 + 6 + -5 + 0
-4
Evaluate 1 + 4 - (-1 + -1 - -3).
4
What is 8 + 16 + -8 + -10?
6
What is (-8 - -3) + -2 + 1?
-6
-31 - (-10 + -3) - -9
-9
Evaluate -1 + 0 + (-2 - -6).
3
Evaluate -4 + -1 + (85 - 72).
8
-3 + 0 - (-8 - -6)
-1
1 + (-6 - -8 - -5)
8
What is 4 + -13 + 0 + 16?
7
Evaluate